 base 13.
1b
Convert -101 (base 2) to base 9.
-5
Convert 2a (base 11) to base 7.
44
What is 5 (base 12) in base 6?
5
What is 0 (base 9) in base 14?
0
-120 (base 5) to base 7
-50
-22 (base 9) to base 8
-24
What is -10 (base 3) in base 13?
-3
-20 (base 13) to base 16
-1a
Convert -15 (base 7) to base 12.
-10
-5 (base 10) to base 5
-10
What is 400 (base 5) in base 4?
1210
ec (base 15) to base 5
1342
What is -2 (base 15) in base 4?
-2
1 (base 2) to base 11
1
What is 22 (base 7) in base 6?
24
Convert 11 (base 4) to base 15.
5
0 (base 13) to base 11
0
What is -2 (base 12) in base 13?
-2
What is 27 (base 9) in base 6?
41
-1 (base 6) to base 7
-1
3 (base 16) to base 2
11
What is 7 (base 14) in base 10?
7
38 (base 9) to base 4
203
-1221 (base 4) to base 12
-89
14 (base 7) to base 8
13
Convert -7 (base 15) to base 2.
-111
What is 41 (base 6) in base 12?
21
Convert -1 (base 14) to base 5.
-1
Convert 8 (base 9) to base 3.
22
-7 (base 9) to base 11
-7
What is 0 (base 12) in base 16?
0
What is 2 (base 7) in base 3?
2
Convert 1a (base 16) to base 6.
42
What is 3 (base 12) in base 6?
3
11 (base 12) to base 13
10
What is -134 (base 5) in base 6?
-112
What is -4 (base 9) in base 13?
-4
Convert -22 (base 5) to base 13.
-c
Convert 110 (base 2) to base 12.
6
-4 (base 9) to base 7
-4
-4 (base 8) to base 7
-4
Convert -3 (base 15) to base 16.
-3
Convert a (base 15) to base 6.
14
-17 (base 16) to base 2
-10111
1 (base 5) to base 4
1
What is -3 (base 10) in base 5?
-3
Convert 1001 (base 3) to base 9.
31
-3 (base 13) to base 3
-10
6 (base 10) to base 8
6
-22 (base 10) to base 12
-1a
What is 11 (base 6) in base 10?
7
Convert 1e (base 15) to base 9.
32
0 (base 14) to base 3
0
-12 (base 7) to base 6
-13
-10 (base 8) to base 12
-8
21 (base 4) to base 9
10
-332 (base 5) to base 11
-84
Convert 3 (base 15) to base 12.
3
Convert 2 (base 11) to base 16.
2
-2 (base 13) to base 15
-2
-16 (base 13) to base 3
-201
11111 (base 3) to base 15
81
Convert 61 (base 12) to base 2.
1001001
What is -2 (base 14) in base 6?
-2
18 (base 15) to base 8
27
15 (base 10) to base 13
12
Convert 18 (base 9) to base 13.
14
What is 2 (base 16) in base 5?
2
Convert -18 (base 13) to base 9.
-23
What is 6 (base 10) in base 3?
20
Convert -2 (base 3) to base 9.
-2
-2 (base 10) to base 15
-2
Convert 2 (base 16) to base 6.
2
11 (base 4) to base 5
10
7 (base 12) to base 10
7
74 (base 14) to base 7
204
Convert 0 (base 2) to base 7.
0
What is -3 (base 12) in base 6?
-3
What is 14 (base 14) in base 16?
12
What is 2 (base 7) in base 9?
2
78 (base 12) to base 14
68
What is -101101 (base 2) in base 7?
-63
What is 0 (base 7) in base 4?
0
32 (base 9) to base 14
21
Convert -3 (base 10) to base 14.
-3
Convert 17 (base 8) to base 5.
30
What is -212 (base 3) in base 8?
-27
Convert -33 (base 6) to base 7.
-30
Convert -2310 (base 4) to base 10.
-180
-3003 (base 4) to base 6
-523
What is 13 (base 5) in base 8?
10
Convert -66 (base 7) to base 9.
-53
What is 10 (base 2) in base 10?
2
Convert -113 (base 11) to base 8.
-207
Convert -180 (base 11) to base 15.
-de
Convert 4 (base 15) to base 16.
4
What is 191 (base 14) in base 2?
101000011
Convert -6 (base 7) to base 12.
-6
11 (base 15) to base 14
12
-12 (base 5) to base 3
-21
Convert 1 (base 12) to base 8.
1
Convert -4 (base 13) to base 7.
-4
Convert 2 (base 12) to base 2.
10
Convert 66 (base 10) to base 7.
123
2 (base 4) to base 5
2
-19 (base 14) to base 13
-1a
Convert 10001011 (base 2) to base 3.
12011
What is -4 (base 6) in base 14?
-4
4 (base 13) to base 3
11
Convert 69 (base 11) to base 2.
1001011
9 (base 15) to base 6
13
-6 (base 16) to base 5
-11
What is -1 (base 5) in base 16?
-1
What is 126 (base 8) in base 3?
10012
Convert -1aa (base 12) to base 15.
-134
What is -4 (base 9) in base 7?
-4
-3 (base 8) to base 3
-10
Convert 510 (base 8) to base 3.
110011
5 (base 12) to base 6
5
Convert -310 (base 8) to base 3.
-21102
Convert 23 (base 4) to base 10.
11
What is -5 (base 7) in base 8?
-5
What is -24 (base 9) in base 12?
-1a
What is -11 (base 2) in base 10?
-3
What is -122 (base 3) in base 14?
-13
Convert 120 (base 4) to base 14.
1a
12 (base 6) to base 5
13
Convert 112 (base 14) to base 3.
21212
Convert 4 (base 13) to base 8.
4
25 (base 9) to base 15
18
What is -11 (base 13) in base 14?
-10
Convert -11112 (base 3) to base 14.
-8a
What is -2 (base 15) in base 10?
-2
What is 1 (base 11) in base 2?
1
1123 (base 4) to base 9
111
-21 (base 12) to base 11
-23
-2012 (base 3) to base 8
-73
What is 6 (base 7) in base 4?
12
Convert 11 (base 2) to base 7.
3
3 (base 14) to base 10
3
What is 21 (base 3) in base 13?
7
Convert 13 (base 6) to base 3.
100
What is -30 (base 6) in base 8?
-22
What is -250 (base 7) in base 11?
-111
Convert 2 (base 14) to base 8.
2
Convert 106 (base 8) to base 13.
55
Convert -17 (base 13) to base 12.
-18
435 (base 7) to base 5
1342
What is -43 (base 15) in base 6?
-143
-2d (base 15) to base 4
-223
152 (base 6) to base 11
62
-133 (base 4) to base 8
-37
What is -2 (base 10) in base 5?
-2
-31 (base 4) to base 3
-111
Convert 350 (base 7) to base 10.
182
Convert -21 (base 3) to base 12.
-7
What is 14 (base 8) in base 16?
c
18 (base 14) to base 10
22
-12111 (base 3) to base 5
-1043
-111 (base 12) to base 13
-c1
10 (base 5) to base 11
5
What is 2 (base 12) in base 15?
2
What is 2 (base 11) in base 15?
2
36 (base 15) to base 4
303
48 (base 13) to base 11
55
Convert 3 (base 6) to base 12.
3
-8 (base 10) to base 2
-1000
Convert 6 (base 15) to base 9.
6
Convert 211 (base 9) to base 8.
254
Convert -a0 (base 12) to base 16.
-78
Convert -c9 (base 13) to base 6.
-433
What is -126 (base 9) in base 10?
-105
What is -3 (base 12) in base 16?
-3
Convert 6 (base 10) to base 12.
6
What is 3 (base 7) in base 9?
3
Convert -5 (base 8) to base 4.
-11
Convert 60 (base 9) to base 16.
36
What is -3 (base 8) in base 16?
-3
What is -d (base 15) in base 13?
-10
Convert 11111 (base 2) to base 16.
1f
What is 5 (base 14) in base 3?
12
Convert -3 (base 9) to base 11.
-3
-1 (base 11) to base 9
-1
What is -13 (base 16) in base 2?
-10011
-2 (base 7) to base 12
-2
What is 9 (base 12) in base 10?
9
13 (base 16) to base 9
21
6 (base 11) to base 8
6
What is 3 (base 13) in base 15?
3
-21 (base 4) to base 8
-11
Convert 76 (base 11) to base 5.
313
10 (base 15) to base 4
33
2 (base 15) to base 6
2
1011001 (base 2) to base 15
5e
176 (base 8) to base 4
1332
What is 110 (base 5) in base 13?
24
What is -10 (base 4) in base 9?
-4
What is -c (base 16) in base 11?
-11
Convert -4 (base 5) to base 11.
-4
-1 (base 7) to base 2
-1
What is 100100 (base 2) in base 10?
36
What is 154 (base 11) in base 16?
b4
65 (base 11) to base 10
71
Convert 1 (base 10) to base 7.
1
Convert -1 (base 6) to base 15.
-1
Convert 6 (base 7) to base 4.
12
-2 (base 8) to base 6
-2
What is 4 (base 12) in base 7?
4
What is -20 (base 5) in base 11?
-a
Convert 4a (base 11) to base 15.
39
-4 (base 9) to base 12
-4
Convert -103 (base 8) to base 9.
-74
Convert 12 (base 9) to base 7.
14
Convert -6 (base 9) to base 10.
-6
Convert -3 (base 11) to base 12.
-3
2 (base 15) to base 7
2
Convert 33 (base 13) to base 11.
39
77 (base 16) to base 12
9b
Convert -24 (base 5) to base 12.
-12
What is 28 (base 11) in base 5?
110
2222 (base 3) to base 14
5a
What is 39 (base 11) in base 3?
1120
Convert -10 (base 4) to base 16.
-4
d7 (base 16) to base 5
1330
Convert 35 (base 9) to base 15.
22
What is 44 (base 9) in base 15?
2a
Convert 9 (base 10) to base 16.
9
Convert -421 (base 5) to base 12.
-93
What is 3 (base 10) in base 15?
3
-176 (base 13) to base 4
-10022
-16 (base 7) to base 15
-d
-1010 (base 2) to base 4
-22
Convert 4 (base 7) to base 4.
10
Convert c (base 13) to base 4.
30
-2 (base 4) to base 9
-2
Convert -4 (base 6) to base 9.
-4
63 (base 8) to base 6
123
-5 (base 9) to base 7
-5
-464 (base 8) to base 15
-158
Convert 1c (base 14) to base 9.
28
What is 8 (base 14) in base 7?
11
1 (base 3) to base 7
1
What is 110 (base 3) in base 8?
14
Convert 97 (base 12) to base 14.
83
What is -66 (base 7) in base 10?
-48
What is 3 (base 16) in base 10?
3
1001101 (base 2) to base 5
302
Convert 104 (base 7) to base 13.
41
-3 (base 13) to base 10
-3
-21 (base 13) to base 15
-1c
Convert 6 (base 13) to base 5.
11
-5 (base 13) to base 14
-5
-10 (base 15) to base 9
-16
What is 3c (b